pose -3*j - 6 - 21 = 3*y, 4*y = -20. What are the prime factors of (j + 3)*-27*(3 - -6)?
3
Let d(p) = p**3 - 12*p**2 + 17*p - 23. Let x = -138 - -197. Let w = -48 + x. List the prime factors of d(w).
43
Let h(s) = 14016*s**2 + 26*s - 29. List the prime factors of h(1).
3, 173
Let j = 20220 - 16253. List the prime factors of j.
3967
Suppose -4*k - r = -27270, -4*r = -4*k + 4151 + 23149. What are the prime factors of k?
3, 2273
Suppose -3*s - s - 2*k + 3618 = 0, -4*s + 3653 = -5*k. Suppose 3*l = 2*o - 116 + s, -5*l = -3*o - 1320. List the prime factors of l.
3, 89
Let d be 831/33 - (-6)/(-33). Suppose -d*s - 3601 = -16876. What are the prime factors of s?
3, 59
Suppose 0 = 2*n + 2*n + 3268. Let x = n - -1173. List the prime factors of x.
2, 89
Suppose -881*z = -883*z - s + 53580, 0 = -2*z - 5*s + 53596. List the prime factors of z.
2, 37, 181
Suppose 0 = f + 4*f + 380. Let d = -2709 + 2680. Let b = d - f. List the prime factors of b.
47
Let i = 3386 - 1755. Let b be 18/81 + i/(-9). Let v = b + 343. What are the prime factors of v?
2, 3
What are the prime factors of (-47659 - 15)/(-11) - 4?
2, 5, 433
List the prime factors of 36605*4/20 + 4 + -1.
2, 1831
Suppose -x = 6*q - 5*q - 22851, 0 = 5*x - 5*q - 114175. What are the prime factors of x?
53, 431
Suppose 17*a = 49 + 104. Suppose -a = k - 217. What are the prime factors of k?
2, 13
Let m(b) = -b**3 - 4*b**2 - 5*b - 2. Let k be m(-3). Let q = 9 + k. Suppose -307 - 83 = -q*u. List the prime factors of u.
2, 3, 5
Suppose 178*o - 175*o = 21. Suppose 3*y + o*m - 3037 = 8*m, -2008 = -2*y + 4*m. What are the prime factors of y?
2, 3, 13
Let g = 597 + -591. Suppose -g*k + 10*k - 3862 = 2*o, -4*k - 4*o = -3868. What are the prime factors of k?
2, 3, 7, 23
Let x = 17 - 21. Let i = x + 56. Suppose -i*s = -47*s - 95. What are the prime factors of s?
19
Let p be (20/(-25))/(1/(-5)). Suppose -p*m + 1156 = 3*j + 184, 0 = 5*j - 3*m - 1649. List the prime factors of j.
2, 41
Let v = 26932 - -3569. List the prime factors of v.
3, 3389
Suppose 3*p = -109*b + 114*b - 7920, -5*b - 5*p = -7960. What are the prime factors of b?
3, 23
List the prime factors of 16 + 416/(-16) + 330.
2, 5
Suppose 4*l + 4*s + 6780 = 0, 5*l + 1683 = 4*l - 4*s. Let z = -1025 - l. What are the prime factors of z?
2, 337
Let q(i) = 58*i + 49. Let c(h) = h - 1. Let l(o) = -5*c(o) - q(o). Let w be l(-11). Suppose 3*v + n = w, -v - 5*n = -0*n - 193. What are the prime factors of v?
2, 109
Let f = 0 - 0. Let k be 141*((0 - f) + 2). Suppose 4*r + 3*m - k = 4, -2*r + 142 = m. List the prime factors of r.
2, 5, 7
Let v be (-12)/(-15) - 1 - 4/5. Let z(c) = 180*c**2 + 4*c + 1. What are the prime factors of z(v)?
3, 59
Let h(a) = -15*a**3 - 20*a**2 + 34*a - 20. What are the prime factors of h(-6)?
2, 7, 41
What are the prime factors of (-9)/18*-36238 - (-1)/(-1)*-7?
2, 3, 19, 53
Let y(o) = o**2 + 4*o**2 + 36 - 33 + 8*o - 4*o**2. Let f be y(-8). Suppose -z = 5*s + 2*z - 214, f*z - 126 = -3*s. What are the prime factors of s?
2, 11
Suppose -39958 - 121845 - 39862 = -5*r. List the prime factors of r.
53, 761
Let t = -65596 + 94923. List the prime factors of t.
29327
Let q = -97 + 99. List the prime factors of ((-1064)/280)/(q/(-50)).
5, 19
Let x be (-6*10/45)/(4/(-6)). Let o(d) = 2*d**2 - 8*d**2 + d**2 + 7 + 6*d**2 - x*d. List the prime factors of o(14).
5, 7
Suppose -4*n - 5*a = 5, -n - 2*a = -5*a - 20. Suppose d - 12 = -3*o, -n*o + 4*d - d = -34. Suppose o*j - 246 = 84. List the prime factors of j.
2, 3, 11
Suppose -68*h + 4*l = -64*h - 7860, 3*l = -2*h + 3910. What are the prime factors of h?
37, 53
Let p = 2818 - -11942. What are the prime factors of p?
2, 3, 5, 41
Let i(u) = 300*u**3 - u**2 - 69*u + 249. What are the prime factors of i(4)?
19157
Suppose -3914*z + 3912*z + 15156 = 0. What are the prime factors of z?
2, 3, 421
Let h = -196 + 312. Let l = -107 + h. Let k(g) = 33*g - 2. What are the prime factors of k(l)?
5, 59
Let t(k) be the first derivative of -k**5/60 + 65*k**4/24 + 8*k**3/3 - 14. Let m(y) be the third derivative of t(y). What are the prime factors of m(0)?
5, 13
List the prime factors of 30/(2 + (-3330)/1670).
2, 3, 5, 167
Suppose -14*z = -17*z + 729. Suppose -2*g - 8*o + 10*o + 462 = 0, g + 5*o - z = 0. What are the prime factors of g?
233
Let z be 1/(-7 - 36/(-5)). Suppose 3*j = -2*p + 2036, 3*j - 5090 = -z*p + 2*j. List the prime factors of p.
2, 509
Let u be 4308/10*(-15)/(-6). Suppose 190 = 7*w - u. What are the prime factors of w?
181
Suppose -43 = 6*t - 25. Let h(s) = 50*s**2 + s - 7. List the prime factors of h(t).
2, 5, 11
Let j(z) be the first derivative of 2*z**3/3 - 9*z**2/2 - 5*z + 4. Let q be j(5). Suppose 0 = -q*y + 4*y - 224. What are the prime factors of y?
2, 7
Let u = 418 + -416. Suppose -5*z + b + 469 + 1323 = 0, u*z + 2*b = 712. List the prime factors of z.
2, 179
Suppose 27*l = 19*l + 32. Let t(z) = 54*z + 7. List the prime factors of t(l).
223
Let d = -1023 + 1541. Suppose 570 = 2*q - d. What are the prime factors of q?
2, 17
Suppose -54*k + 65317 = 62*k - 2033239. What are the prime factors of k?
79, 229
Let g(q) be the second derivative of q**6/360 + 2*q**5/15 - 2*q**4/3 - 11*q. Let r(v) be the third derivative of g(v). What are the prime factors of r(13)?
2, 3, 7
Suppose 37 = -3*z + 46. Suppose -4*p - 6 = -6*p, -z*w + 1740 = p. What are the prime factors of w?
3, 193
Suppose -5*h = -20*w + 17*w - 9166, 4*w + 3686 = 2*h. List the prime factors of h.
31, 59
Suppose -81*s + 26265 = -60324. What are the prime factors of s?
1069
Suppose -18*p = 3*f - 13*p - 60000, 4*f - 3*p = 80058. List the prime factors of f.
2, 3, 5, 23, 29
Let h be (-4)/(-6)*((-45)/(-10) + 3). Suppose u = s - 7, -2*s = -3*s - h*u - 17. Suppose -6 = -s*g - 3, -2*b + 2*g = -128. List the prime factors of b.
5, 13
Let j(p) = 2*p**3 - 15*p**2 + 14*p - 12. Let g(n) = 2*n**3 - 16*n**2 + 15*n - 13. Let b(r) = 5*g(r) - 6*j(r). What are the prime factors of b(-5)?
2, 3, 23
Let s = 79650 - 31514. List the prime factors of s.
2, 11, 547
Let g(s) be the first derivative of 10*s**3/3 - s**2 + 10*s - 1. Let m(w) = -107*w + 2992. Let y be m(28). List the prime factors of g(y).
2, 89
What are the prime factors of 1123135/148*12/3?
5, 13, 467
Let v(h) = 122*h**3 + 3*h**2 - 4*h + 37. What are the prime factors of v(5)?
2, 3, 2557
Let l = -75 - -2075. Suppose -b = -2*c + b + l, -b + 2012 = 2*c. What are the prime factors of c?
2, 251
Suppose 651*y - 36340803 - 29374193 = -1671569. What are the prime factors of y?
98377
List the prime factors of ((-657685)/140)/(2/(-8)).
19, 23, 43
Let q = -50 + -13. Let s be (-9996)/306 + 1/(-3). Let j = s - q. List the prime factors of j.
2, 3, 5
Suppose -5*q = -19*q + 3*q + 23430. List the prime factors of q.
2, 3, 5, 71
Suppose -163*f = -147*f - 155616. What are the prime factors of f?
2, 3, 1621
Let d(a) = 3*a**2 - 9*a + 39. Let m be d(13). Let p = -170 + m. What are the prime factors of p?
7, 37
Suppose 2*x - 23 + 17 = 0. Let q(p) = 544*p - 77. What are the prime factors of q(x)?
5, 311
Suppose -3*h + 12 = -5*n, -h - 16 = n - 5*h. Suppose o = -n*o - 63. Let p = -46 - o. What are the prime factors of p?
17
Let p(v) = 23*v**2 - 5*v - 4 - 26*v**2 - 14*v**2. Let d(k) = -k**2 - k. Let y(c) = 6*d(c) - p(c). List the prime factors of y(-3).
2, 53
Let w(b) = -10*b**2 + 9*b + 11. Let r be w(-5). Let g = 76 + r. Let y = -124 - g. What are the prime factors of y?
2, 3, 7
Suppose -5*y + 166 = -3*u, -2*y - 3*y + 2*u + 164 = 0. Suppose -y = -b + 21. Suppose -4*w + 96 = f, -w - 2*w + 4*f = -b. List the prime factors of w.
23
Let a = -286 - -164. Suppose 422 = -g + 3*g. Let x = a + g. List the prime factors of x.
89
Let u = 90356 + -60731. What are the prime factors of u?
3, 5, 79
Let r be 4/42 + (-1644954)/(-1071). Let n = r + -814. What are the prime factors of n?
2, 19
What are the prime factors of 6 + -5*840389/(-95)?
31, 1427
Suppose 0 = -3*j + 15, b + 14*j - 16 = 10*j. Let t(x) be the second derivative of 5*x**4/12 + 2*x**3/3 - 5*x**2/2 - 2*x. List the prime factors of t(b).
59
Let s(j) = -12*j**3 - 6*j**2 + 10*j + 16. List the prime factors of s(-5).
2, 7, 47
List the prime factors of 4606 - (1 + 24/(-6)).
11, 419
Suppose 4*a - 12106 = 2*n, 39*a = 29*a + 2*n + 30274. What are the prime factors of a?
2, 757
Suppose -26*k = -1